(z) = -13*z**2 - 3*z - 2. Give v(-1).
-12
Let r(t) = -13*t - 45. Calculate r(-4).
7
Let i(j) = -j**3 - 26*j**2 + 27*j - 3. Determine i(-27).
-3
Let i(z) = -8*z - 81. What is i(-16)?
47
Let m(y) = y**3 - 11*y**2 + y - 6. What is m(11)?
5
Let f(t) = t**3 + 5*t**2 - 10*t - 17. Determine f(-4).
39
Let d(o) = 177*o**3 + 2*o - 1. What is d(1)?
178
Let b(v) = -3*v**2 + 37*v - 36. What is b(1)?
-2
Let y(q) = -q**3 - 4*q**2 + 4*q + 9. Give y(-4).
-7
Let n(d) = -d**3 + 12*d**2 + 11*d + 19. Determine n(13).
-7
Let k(z) = -z + 13. Calculate k(11).
2
Let g(a) = -8*a - 55. Determine g(-7).
1
Let h(r) = r**3 - 10*r**2 - 10*r. Calculate h(11).
11
Let u(j) = -4*j + 28. Give u(9).
-8
Let v(b) = -10*b - 1. Give v(1).
-11
Let v(l) = l**2 + 14*l - 33. Give v(-14).
-33
Let g(s) = 19*s**2 + s. What is g(-1)?
18
Let h(v) = 4*v**3 - v**2 + 2*v - 2. Calculate h(2).
30
Let w(r) = -r**2 + 4*r. Calculate w(3).
3
Let t(u) = u**2 - u - 8. What is t(3)?
-2
Let w(b) = -b**2 - 3*b - 8. Calculate w(-3).
-8
Let s(g) = g**3 + 9*g**2 - 7*g - 64. Calculate s(-9).
-1
Let c(l) = -l**2 + 8*l + 141. Determine c(16).
13
Let f(i) = -i**2 - 15*i + 5. What is f(-16)?
-11
Let d(j) = 28*j**3 - j**2 + j. Calculate d(1).
28
Let n(f) = -f**3 + 7*f**2 + 47*f - 11. Determine n(11).
22
Let z(h) = -2*h - 27. What is z(-15)?
3
Let v(k) = -15*k**3 - 2*k**2 + 3*k - 2. Give v(1).
-16
Let g(v) = 17*v**2. Determine g(-1).
17
Let q(p) = p**3 - 23*p**2 + 23*p - 3. Give q(22).
19
Let z(l) = l**2 + 23*l - 82. Calculate z(-26).
-4
Let a(f) = 12*f + 258. Give a(-20).
18
Let p(a) = -2*a**2 + 20*a - 67. Give p(10).
-67
Let v(z) = 54*z**2 + 6*z + 2. Give v(-2).
206
Let w(n) = -5*n + 10. What is w(3)?
-5
Let j(m) = 2*m**2 + 16*m + 8. What is j(-7)?
-6
Let j(v) = v**3 - 15*v**2 - 16*v + 5. Determine j(16).
5
Let k(b) = b**3 + 10*b**2 + 22*b + 61. Determine k(-8).
13
Let l(p) = -14*p + 172. What is l(13)?
-10
Let w(m) = -m**3 + 3*m**2 - 5*m + 3. What is w(2)?
-3
Let i(w) = -w**3 - 4*w**2 + w + 7. Determine i(-3).
-5
Let j(o) = 8*o**3 + 2*o - 2. What is j(1)?
8
Let k(z) = z**3 - 50*z**2 - 51*z + 4. Determine k(51).
4
Let n(x) = -3*x**2 + 20*x - 2. What is n(8)?
-34
Let r(y) = y**2 + 12*y - 21. What is r(-13)?
-8
Let f(m) = -24*m - 22. Calculate f(1).
-46
Let p(c) = -5*c + 51. Determine p(-18).
141
Let g(z) = -z**3 + 7*z**2 + 2. Determine g(8).
-62
Let c(m) = 50*m**3 + m + 1. Determine c(-1).
-50
Let w(s) = s**2 - 4*s - 4. Determine w(4).
-4
Let t(v) = v**3 + 14*v**2 - 95*v + 21. What is t(-19)?
21
Let m(i) = 8*i**2 - i + 1. What is m(1)?
8
Let t(h) = h**2 - 5*h - 2. Determine t(2).
-8
Let o(m) = m**3 - 7*m**2 + 5*m - 10. What is o(6)?
-16
Let q(f) = -3*f**2 + 2*f + 12. Determine q(-7).
-149
Let l(u) = -4*u. Calculate l(2).
-8
Let g(h) = -4*h + 2. Determine g(-10).
42
Let b(m) = 6*m + 117. Calculate b(-23).
-21
Let t(b) = -b**3 + 9*b**2 + 15*b - 13. Give t(10).
37
Let y(j) = -j**2 - 9*j + 9. Give y(-10).
-1
Let d(c) = 6*c - 12. Calculate d(5).
18
Let f(j) = j**2 - 13*j + 6. Give f(12).
-6
Let q(l) = -l**3 + 17*l**2 + 11*l + 11. Determine q(18).
-115
Let r(o) = -o**2 + 15*o - 55. What is r(6)?
-1
Let z(y) = y + 18. Determine z(-25).
-7
Let u(g) = g**3 - 42*g**2 + 80*g - 3. What is u(40)?
-3
Let f(v) = 5*v**2 - 1. Give f(1).
4
Let p(j) = j + 1. Calculate p(-8).
-7
Let j(a) = -2*a**2 + 13*a - 9. Give j(7).
-16
Let x(n) = n**3 - 12*n + 22. What is x(3)?
13
Let h(f) = f**2 - 15*f + 12. Determine h(13).
-14
Let v(y) = 2*y**3 - 10*y**2 + y + 6. Calculate v(4).
-22
Let r(v) = 16*v**2 - 113*v + 1. What is r(7)?
-6
Let c(y) = -2*y**3 + 6*y**2 + 6*y - 8. What is c(5)?
-78
Let w(z) = 18*z - 20. What is w(3)?
34
Let x(g) = 2*g**2 + g - 1. Give x(-2).
5
Let v(u) = -2*u**2 + 14*u - 16. Determine v(6).
-4
Let m(z) = -4*z**2 + 83*z + 27. Determine m(21).
6
Let d(z) = -z - 3. Calculate d(5).
-8
Let w(i) = -3*i**3 + 76*i**2 - 26*i + 30. Calculate w(25).
5
Let z(m) = -m + 39. Give z(13).
26
Let d(y) = -21*y - 209. Give d(-10).
1
Let k(u) = -8*u**3 - 2*u + 2. Give k(1).
-8
Let c(d) = d - 47. Calculate c(11).
-36
Let z(m) = -6*m + 89. What is z(22)?
-43
Let a(o) = -6*o - 12. Give a(-5).
18
Let x(a) = a**2 + 2*a - 6. Determine x(-6).
18
Let d(j) = 2*j**2 - 8*j + 1. What is d(8)?
65
Let r(q) = 2*q**2 + 4*q - 1. What is r(-3)?
5
Let r(u) = -222*u - 1105. Calculate r(-5).
5
Let v(h) = -21*h - 674. What is v(-32)?
-2
Let i(u) = 8*u + 6. What is i(7)?
62
Let r(u) = 22*u. Give r(-2).
-44
Let w(c) = -2*c**2 - 27*c + 10. Calculate w(-13).
23
Let g(v) = -19*v + 176. What is g(0)?
176
Let h(z) = z**2 + 11*z - 11. What is h(4)?
49
Let q(v) = 3*v + 11. Determine q(-21).
-52
Let p(t) = -2*t**3 - 2*t - 1. Calculate p(-3).
59
Let n(i) = 37*i - 363. What is n(10)?
7
Let s(l) = -23*l**3 + 2*l**2 + 3*l + 1. Determine s(-1).
23
Let u(n) = n**3 + n**2 + 2*n - 4. What is u(-3)?
-28
Let h(r) = r + 52. What is h(0)?
52
Let t(b) = b**2 - 11*b - 10. What is t(11)?
-10
Let f(z) = -25*z + 47. Calculate f(2).
-3
Let i(h) = -21*h**3 + h**2 + 4*h - 5. What is i(1)?
-21
Let g(q) = -q**3 + 2*q**2 - 6. Calculate g(2).
-6
Let g(a) = a**3 - 13*a**2 - 422*a + 50. Give g(28).
-6
Let f(r) = 9*r + 1. Give f(1).
10
Let v(o) = 3*o**2 - o - 127. Give v(0).
-127
Let f(s) = -s**2 - 14*s + 14. Give f(-11).
47
Let p(i) = -i**2 + 16*i - 49. What is p(5)?
6
Let a(g) = -g**3 + 26*g**2 - 27*g + 47. Determine a(25).
-3
Let l(n) = n**3 - 9*n**2 + 15*n + 21. What is l(7)?
28
Let y(b) = 10*b - 109. Calculate y(11).
1
Let n(d) = -d**3 + 7*d**2 - 6*d - 32. Give n(5).
-12
Let j(x) = x**3 - 5*x**2 - 11*x - 16. What is j(7)?
5
Let q(t) = t**2 + 10*t - 101. Give q(6).
-5
Let t(g) = 6*g + 35. Give t(-5).
5
Let j(z) = -2*z + 16. What is j(10)?
-4
Let f(z) = 4*z**3 - z**2 + z + 1. Give f(-1).
-5
Let d(t) = -t**3 + 2*t**2 + 11*t + 3. What is d(5)?
-17
Let p(z) = 2*z - 21. Give p(9).
-3
Let u(g) = -5*g**2 - g + 2. Determine u(-1).
-2
Let n(z) = z**3 - z**2 - 1. Calculate n(0).
-1
Let z(t) = 6*t + 26. What is z(-3)?
8
Let d(j) = 2*j + 34. Calculate d(-17).
0
Let l(s) = 10*s + 2. Determine l(2).
22
Let m(y) = 3*y + 29. What is m(-10)?
-1
Let i(o) = -25*o - 103. What is i(-6)?
47
Let w(s) = 2*s**3 + 27*s**2 + 37*s - 5. Determine w(-12).
-17
Let b(q) = -2*q**3 + 55*q**2 + 27*q + 30. Determine b(28).
2
Let w(b) = b**2 + 3*b - 4. Calculate w(-4).
0
Let m(u) = 44*u + 45. Determine m(-1).
1
Let f(m) = 3*m**2 - 23*m - 23. What is f(-1)?
3
Let m(v) = -9*v + 10. Calculate m(7).
-53
Let k(b) = -73*b - 503. Determine k(-7).
8
Let z(t) = 4*t**3 - 5*t + 2. Calculate z(3).
95
Let j(f) = -f**2 - 7*f + 5. What is j(3)?
-25
Let d(p) = -2*p + 91. Give d(0).
91
Let v(y) = y**3 + 8*y**2 - 23*y - 30. Give v(-10).
0
Let d(t) = -2*t - 6. Determine d(-2).
-2
Let a(s) = s**3 + 11*s**2 - 12*s + 23. Calculate a(-12).
23
Let d(r) = -6*r + 16. Determine d(8).
-32
Let g(w) = -5*w**3 + 35*w**2 + 2*w - 6. Give g(7).
8
Let i(j) = 2*j**3 + 16*j**2 + 4*j + 28. Give i(-8).
-4
Let x(r) = r**3 - 9*r**2 + 6*r - 4. Give x(8).
-20
Let d(q) = -q**2 - 4*q + 7. What is d(-8)?
-25
Let k(x) = x**3 + 5*x**2 + 4*x + 10. Determine k(-4).
10
Let o(v) = -v**2 - 6*v + 4. Give o(4).
-36
Let b(l) = 6*l**3 - l**2 - 4*l - 2. Determine b(-1).
-5
Let k(d) = d**2 - 7. Determine k(5).
18
Let o(r) = -r**3 + 5*r**2 - 2*r + 1. What is o(4)?
9
Let q(o) = -2*o**3 + 3*o + 1. Calculate q(-2).
11
Let w(d) = d**2 - 14*d - 14. Give w(14).
-14
Let j(w) = w**2 - 6*w - 7. Calculate j(-2).
9
Let f(u) = u**2 + 17*u + 20. Determine f(-16).
4
Let g(b) = -b**2 - 10*b - 8. What is g(-9)?
1
Let r(a) = 27*a + 1. Calculate r(2).
55
Let f(l) = -l**3 - 2*l**2 + 33*l - 18. Determine f(-7).
-4
Let r(s) = -8*s - 56. Determine r(-13).
48
Let v(k) = -2*k**2 + 7. Calculate v(-3).
-11
Let d(c) = 16*c + 449. Give d(-28).
1
Let u(f) = 81*f + 77. Determine u(-1).
-4
Let d(s) = 2*s**2 - s - 2. Calculate d(3).
13
Let i(m) = -m**2 - 3*m - 17. What is i(-5)?
-27
Let x(s) = -3*s + 84. What is x(33)?
-15
Let f(m) = -4*m - 17. What is f(6)?
-41
Let p(t) = -5*t**2 - 30*t - 18. Determine p(-6).
-18
Let k(q) = -q**3 + 6*q**2 + 6*q - 10. Calculate k(6).
26
Let d(a) = a**2 + 7*a + 7. Calculate d(-9).
25
Let z(h) = 19*h + 1. Determine z(-1).
-18
Let j(x) = 2*x**2 + 27*x - 44. Calculate j(-15).
1
Let w(g) = -8*g**2 + 99*g - 40. Give w(12).
-4
Let o(s) = 5*s**3 + 20*s**2 - 3*s - 8. Determine o(-4).
4
Let i(p